96)/(-16)) + 8922/42?
3, 71
Let j = 18410 - -2726. List the prime factors of j.
2, 1321
Let n = -271 - -534. Let b = n - 125. Let k = b + -33. What are the prime factors of k?
3, 5, 7
Let r = 2041 - -379. Suppose r = 21*s - 793. What are the prime factors of s?
3, 17
Suppose 0 = 4*w + 5*q - 4595 + 1591, 2*w = -4*q + 1502. Let d = w - 27. What are the prime factors of d?
2, 181
Let c(r) be the second derivative of 37*r**3/6 - 36*r**2 - 7*r. List the prime factors of c(12).
2, 3, 31
Suppose 0 = 106*g - 102*g. Suppose 2*r - 342 - 84 = g. What are the prime factors of r?
3, 71
Let t = 734 + -221. Let m = t - 115. List the prime factors of m.
2, 199
Suppose 0 = -4*f - 3*c + 36, -4*f + 5*c + 4 + 0 = 0. Suppose 5*n + 6 = n - 2*r, 0 = 3*n + 2*r + f. List the prime factors of 51/((-2)/(-2) - n).
3, 17
Suppose 248 = 7*h - 95. List the prime factors of 104/2*h/14.
2, 7, 13
Suppose -3*h = 13 + 44. Let s = -19 - h. Suppose -5*o - 2*m + 56 = s, -5*o - 2*m = m - 54. List the prime factors of o.
2, 3
Suppose -123*d = -130*d + 14. Suppose d*s = -6, 15*s + 5637 = 5*p + 16*s. What are the prime factors of p?
2, 3, 47
Let q(j) = -2428*j + 2741. What are the prime factors of q(-22)?
3, 18719
Suppose -3*q + 2*r + 9 = -0*r, -4*r + 15 = 5*q. Suppose -q*c = -0*c - 207. Suppose 0 = 5*s - 6 - c. List the prime factors of s.
3, 5
Let o = -2712 - -4274. What are the prime factors of o?
2, 11, 71
Let k = 599 + 4961. What are the prime factors of k?
2, 5, 139
Suppose -3*a = 5*l - 223085, -l + 2*l - 44609 = a. What are the prime factors of l?
2, 22307
Let s(t) = -5 + 3*t - 3*t - 5*t + 55*t**2 + 79*t**2. Let j = -81 - -80. What are the prime factors of s(j)?
2, 67
Let n = 30626 - 5071. List the prime factors of n.
5, 19, 269
Suppose 11*c - 189805 = -24*c + 6*c. What are the prime factors of c?
5, 7, 11, 17
Suppose 5*y + 39059 - 7492 = 4*w, -5*y = -25. What are the prime factors of w?
2, 11, 359
Suppose 2*f = f - 5*d + 1083, 5*f - 5359 = 3*d. What are the prime factors of f?
29, 37
Suppose 2*k = 8, -j + 0*j + 20 = 4*k. Suppose -7*s + 5*s + j*b + 794 = 0, -4*b - 20 = 0. What are the prime factors of s?
3, 43
Let t = -51 + 49. Let p be -72 + 0/t - (3 + -3). Let b = 5 - p. What are the prime factors of b?
7, 11
Let h = 173 + -187. Let j(n) = 2*n**2 + 9*n - 33. What are the prime factors of j(h)?
233
Let d(r) = 6*r + 76. Let v be d(-11). Let n = v - -86. Suppose n = -3*f + 7*f. What are the prime factors of f?
2, 3
Let v = -149 + 152. Suppose 0*m + 3*m + 4*t = 688, -t = v*m - 694. What are the prime factors of m?
2, 29
Suppose -j = 2*c - 575, -3*j - 595 = 2*c - 4*c. Suppose c*w - 296*w + 3666 = 0. What are the prime factors of w?
13, 47
Let b(q) = q**3 + 6*q**2 - 11*q + 1. Let z be b(2). Suppose z*y - 5096 = -15*y. List the prime factors of y.
2, 7
Let y(i) = i**2 + 2*i + 8. Suppose -3*u = 0, -2*h = -5*h + 5*u + 87. Let j = h + -23. What are the prime factors of y(j)?
2, 7
Suppose 55269 = w + 173*n - 176*n, 55265 = w - 2*n. What are the prime factors of w?
3, 113, 163
Suppose 0 = 3*q + 7 - 13. Suppose 3*c - c - 619 = -5*v, q*v + 1620 = 5*c. What are the prime factors of c?
2, 7, 23
Let p be (-6)/(-15) + -4 + 4/(-10). Let c be p/(-6)*6/(-4). List the prime factors of 685/4 + c - 4/16.
2, 5, 17
Suppose 0 = -9*u - 2*u + 264. Let p be 150 - (u/(-36))/((-4)/18). Let q = p - 64. What are the prime factors of q?
83
Let o = -473 - -475. What are the prime factors of 25581/24 + o/16*1?
2, 13, 41
Let f be (1 + -8)*(18 + -19). Let j be -117*(7/(-3))/f. List the prime factors of (((-10)/3)/(-2) - -1)*j.
2, 13
Let i be ((-76)/(-3))/((-21)/((-24570)/(-12))). List the prime factors of (i/10)/(7/(-28)).
2, 13, 19
Let w(v) = -2438*v - 4067. What are the prime factors of w(-6)?
59, 179
Let q(j) = -13877*j + 16. What are the prime factors of q(-1)?
3, 11, 421
Let l = -1205 - -5211. List the prime factors of l.
2, 2003
Let y = 42 - 22. Let k = 123 + -119. List the prime factors of ((-54)/k)/((-15)/y).
2, 3
Let y(m) be the third derivative of -m**7/5040 - m**6/240 + 17*m**5/60 + 15*m**2. Let d(n) be the third derivative of y(n). List the prime factors of d(-5).
2
Let b(n) = 191*n**2 + 24*n + 976. What are the prime factors of b(-16)?
2, 3, 1031
Suppose -311 = -11*m + 10*m + 5*o, 3*m - 4*o - 889 = 0. List the prime factors of m.
3, 97
Let s(q) = 43*q**2 - 63*q + 1274. What are the prime factors of s(20)?
2, 3, 19, 151
Let r(g) = -g - 2. Let c be r(-9). Let y be 0/((-6)/(c + -4)). Suppose 603 = 4*p + 5*m, -3*p + y*m = -5*m - 496. What are the prime factors of p?
157
Suppose -126*b + 201*b - 82125 = 0. List the prime factors of b.
3, 5, 73
Let r(c) = 37*c**2 + 203*c - 6149. What are the prime factors of r(34)?
5, 1741
Let t(j) = 2702*j - 4511. List the prime factors of t(13).
3, 5, 13, 157
Let k(y) = -y + 16. Let o be k(12). Let r be o/12 + -2*394/(-12). Suppose -2*u - u - 3*p + 78 = 0, -2*u + 5*p = -r. What are the prime factors of u?
2, 7
Suppose 3*c + 6*f = 78756, -4*f = 2*c - 3*f - 52528. What are the prime factors of c?
2, 3, 11, 199
Let k(f) = 19*f + 1078. List the prime factors of k(12).
2, 653
Suppose -5*d + 3*o = -d - 1653, 5*d - 2070 = 5*o. Suppose -5*r + 1541 - d = 0. List the prime factors of 8/(-24) + (r/3 - 2).
73
Suppose -22*c - 1176 = -64*c. Let g(a) = a**2 - a + 175. What are the prime factors of g(c)?
7, 19
Let v = -126 + 140. List the prime factors of 632/(-12)*(-63)/v.
3, 79
Let b(m) = 450*m - 6344. List the prime factors of b(83).
2, 37, 419
Let g(l) = 2922*l**2 + 24*l + 51. List the prime factors of g(-2).
3, 433
Suppose 43 + 65 = 2*h. Let x = h - 50. Suppose x = 4*o, 0 = -5*f + 5*o + 39 + 121. What are the prime factors of f?
3, 11
Let x(b) = 3*b**2 + b + 31. Suppose 201 - 233 = -4*k. List the prime factors of x(k).
3, 7, 11
Let j(x) = 100*x**2 - 435*x - 23. List the prime factors of j(-17).
2, 2267
Let q = 1003 - 563. Suppose -q*l + 446*l = 120. What are the prime factors of l?
2, 5
Let b(i) = 8*i**2 + 304*i - 489. What are the prime factors of b(-79)?
25423
Suppose 0 = -2*z, z - 1 = b + 3. Let i be 1*-1*98/4*b. Let t = i + -3. List the prime factors of t.
5, 19
Let v = -432 + 434. Suppose 0 = 5*w + 2*f - 5021, v*f - 2006 = -11*w + 9*w. What are the prime factors of w?
3, 5, 67
Suppose -4*l + 97980 = -4*s, 4*l = 462*s - 461*s + 97962. List the prime factors of l.
3, 907
Let f(b) = -8*b - 11. Let a = 48 + -52. Let h(p) = p**3 + 3*p**2 - p + 7. Let k be h(a). What are the prime factors of f(k)?
29
Let w(h) be the first derivative of 4*h**2 - 45*h + 50. Let r be w(6). Suppose 5*s + r*s - 320 = 0. List the prime factors of s.
2, 5
Let a(d) = -4*d**3 - d**2 - d + 1. Let l be a(-1). Suppose l*p + y = -45, 3*p + 11 + 16 = 3*y. What are the prime factors of 264/p*(0 + -3)?
2, 11
Let u = -321 + 328. Suppose -18*y + 550 = -u*y. List the prime factors of y.
2, 5
Let d be 1/(9/513)*-24. Let r = d - -3041. List the prime factors of r.
7, 239
Let z = -61 + 62. Suppose 4*v - 2 = y, v - z = 2*v. List the prime factors of (-382)/y + 4*(-2)/(-24).
2
Let z(l) = -3*l**2 - 75*l - 23. Let w be z(-24). What are the prime factors of (w - 50) + 0 + 356*1?
5, 71
Let j(p) = -69*p**2 - p + 2. Let f be j(1). Let z be 33/4 - (-17)/f. Let k = z + 74. List the prime factors of k.
2, 41
Suppose 0 = 40*b - 36*b - 9024. What are the prime factors of b?
2, 3, 47
Suppose y = 5*m + 8073, -153663 = -19*y - 24*m + 27*m. What are the prime factors of y?
2, 3, 337
What are the prime factors of (9 - (-1081030)/30) + (-30)/(-18)?
3, 5, 89
Let c(s) = 2 + 414*s + 0 - 331*s. What are the prime factors of c(5)?
3, 139
Suppose -2*n + 7280 = -4*o, 12*n - 2*o = 8*n + 14590. List the prime factors of n.
2, 5, 73
List the prime factors of 5*((-6)/9 + 389008/240).
8101
Let j be 336/18*(0 + 6/(-4)). Let p be 4/((-4)/14 - 36/j). Suppose p*x + x - 5*r - 120 = 0, 0 = -3*x - 2*r + 47. List the prime factors of x.
19
Suppose -5*z - 2*h - 21 = -0*h, 3*z = -h - 13. Let j = 16 + z. Suppose 7*p = j*p - 156. List the prime factors of p.
3, 13
Let s(r) = -4*r - 2*r - 4*r**2 + 10*r. Let p be s(-4). Let u = 102 + p. List the prime factors of u.
2, 11
Let s = 12749 - -25357. List the prime factors of s.
2, 3, 29, 73
Let l(z) be the third derivative of z**5/30 + 3*z**4/8 + 32*z**3/3 + 12*z**2 - 3. What are the prime factors of l(-21)?
757
Let x